ple of 138?
True
Is 56 a factor of 505?
False
Is 44075 a multiple of 43?
True
Is 24864 a multiple of 37?
True
Is 3387 a multiple of 5?
False
Is 13090 a multiple of 14?
True
Is 66323 a multiple of 29?
True
Does 8 divide 371?
False
Is 3 a factor of 934?
False
Is 21 a factor of 483?
True
Is 20448 a multiple of 6?
True
Is 34032 a multiple of 12?
True
Does 13 divide 3750?
False
Is 19 a factor of 16277?
False
Is 41 a factor of 36777?
True
Is 354 a factor of 12586?
False
Is 6574 a multiple of 6?
False
Is 9 a factor of 3117?
False
Does 2 divide 8?
True
Is 14 a factor of 1159?
False
Does 161 divide 159606?
False
Does 10 divide 69?
False
Is 33 a factor of 989?
False
Is 108 a factor of 9396?
True
Is 17 a factor of 391?
True
Does 9 divide 14854?
False
Is 7 a factor of 2521?
False
Is 1089 a multiple of 38?
False
Does 12 divide 432?
True
Does 7 divide 9368?
False
Is 35 a factor of 1240?
False
Is 21 a factor of 3591?
True
Is 150 a factor of 23250?
True
Does 11 divide 330?
True
Is 34 a factor of 28194?
False
Does 2 divide 7319?
False
Is 9960 a multiple of 120?
True
Does 4 divide 60?
True
Is 462 a multiple of 21?
True
Is 12 a factor of 512?
False
Is 12 a factor of 793?
False
Does 54 divide 42541?
False
Is 26 a factor of 1430?
True
Is 902 a multiple of 22?
True
Is 41 a factor of 10161?
False
Does 13 divide 29761?
False
Is 142 a factor of 4232?
False
Is 1175 a multiple of 6?
False
Does 28 divide 672?
True
Is 49290 a multiple of 15?
True
Does 14 divide 4550?
True
Is 16 a factor of 11360?
True
Is 221 a multiple of 8?
False
Is 448 a multiple of 4?
True
Is 1565 a multiple of 23?
False
Does 32 divide 894?
False
Does 14 divide 5648?
False
Is 15030 a multiple of 14?
False
Does 40 divide 2100?
False
Is 783 a multiple of 18?
False
Is 2924 a multiple of 16?
False
Is 3760 a multiple of 31?
False
Is 47 a factor of 644?
False
Is 10 a factor of 241?
False
Does 14 divide 6721?
False
Is 4 a factor of 516?
True
Is 44850 a multiple of 325?
True
Is 1922 a multiple of 62?
True
Is 40 a factor of 11040?
True
Is 33 a factor of 20691?
True
Is 252 a multiple of 12?
True
Is 37 a factor of 2960?
True
Is 52 a factor of 33875?
False
Is 87 a factor of 7830?
True
Is 4083 even?
False
Does 65 divide 747?
False
Is 30 a factor of 720?
True
Is 415 a multiple of 78?
False
Is 1702 a multiple of 37?
True
Does 17 divide 26446?
False
Does 7 divide 7507?
False
Does 6 divide 896?
False
Is 900 a multiple of 10?
True
Does 72 divide 13789?
False
Is 14 a factor of 294?
True
Does 11 divide 7662?
False
Does 128 divide 88238?
False
Is 18 a multiple of 4?
False
Is 13 a factor of 42698?
False
Does 16 divide 1286?
False
Is 972 a multiple of 24?
False
Is 77400 a multiple of 36?
True
Is 135 a factor of 2045?
False
Is 17 a factor of 42993?
True
Is 1710 a multiple of 15?
True
Is 1553 a multiple of 14?
False
Does 97 divide 679?
True
Does 9 divide 2297?
False
Is 44 a factor of 3124?
True
Is 91022 a multiple of 71?
True
Is 76 a factor of 160?
False
Is 8 a factor of 177?
False
Is 2486 a multiple of 22?
True
Is 318 a multiple of 6?
True
Does 13 divide 9373?
True
Is 40572 a multiple of 92?
True
Is 15 a factor of 2602?
False
Does 132 divide 1920?
False
Is 24 a factor of 504?
True
Is 13080 a multiple of 12?
True
Does 3 divide 281?
False
Is 462 a multiple of 42?
True
Does 101 divide 21908?
False
Is 18 a factor of 2070?
True
Does 26 divide 59904?
True
Does 11 divide 1036?
False
Is 36 a factor of 2124?
True
Is 6159 a multiple of 82?
False
Is 5 a factor of 5216?
False
Does 16 divide 484?
False
Is 32 a factor of 36643?
False
Does 265 divide 106530?
True
Is 9 a factor of 7371?
True
Is 659 a multiple of 24?
False
Is 9 a factor of 610?
False
Is 113 a multiple of 3?
False
Is 1344 a multiple of 129?
False
Is 61 a multiple of 32?
False
Is 328 a multiple of 97?
False
Does 54 divide 3780?
True
Is 23 a factor of 2009?
False
Is 12316 a multiple of 83?
False
Does 11 divide 187?
True
Is 9 a factor of 927?
True
Is 60 a multiple of 15?
True
Is 72216 a multiple of 102?
True
Does 163 divide 2282?
True
Is 80 a factor of 2480?
True
Does 20 divide 100?
True
Is 280 a multiple of 47?
False
Does 10 divide 330?
True
Is 111289 a multiple of 37?
False
Is 13 a factor of 130?
True
Is 11236 a multiple of 106?
True
Is 6345 a multiple of 47?
True
Does 56 divide 1337?
False
Is 4 a factor of 46?
False
Is 2005 a multiple of 20?
False
Is 4286 a multiple of 11?
False
Is 504 a multiple of 24?
True
Does 4 divide 940?
True
Is 16 a factor of 2352?
True
Is 3891 a multiple of 8?
False
Is 9724 a multiple of 13?
True
Is 54 a factor of 1566?
True
Is 4304 a multiple of 151?
False
Is 87 a factor of 4489?
False
Does 12 divide 319?
False
Does 7 divide 826?
True
Is 2 a factor of 618?
True
Is 172 a factor of 5829?
False
Is 9 a factor of 22098?
False
Is 3377 a multiple of 24?
False
Is 44 a factor of 9460?
True
Is 990 a multiple of 45?
True
Does 49 divide 23834?
False
Does 7 divide 2604?
True
Is 450 a multiple of 44?
False
Is 364 a multiple of 35?
False
Is 12529 a multiple of 159?
False
Is 3 a factor of 48?
True
Does 59 divide 885?
True
Is 18848 a multiple of 31?
True
Is 11 a factor of 82654?
True
Is 16 a factor of 66432?
True
Is 645 a multiple of 71?
False
Does 35 divide 47180?
True
Is 10 a factor of 3860?
True
Is 12262 a multiple of 9?
False
Is 16 a factor of 1104?
True
Is 10 a factor of 17000?
True
Is 48 a factor of 49728?
True
Is 11 a factor of 4250?
False
Is 24 a factor of 9456?
True
Is 102 a factor of 1621?
False
Does 15 divide 5181?
False
Is 5 a factor of 57?
False
Does 19 divide 15051?
False
Does 15 divide 780?
True
Is 24 a multiple of 8?
True
Does 120 divide 3956?
False
Is 68 a factor of 952?
True
Is 19439 a multiple of 218?
False
Does 13 divide 28719?
False
Is 10 a factor of 20330?
True
Is 18 a factor of 124?
False
Is 5400 a multiple of 20?
True
Is 23 a factor of 2049?
False
Is 52 a factor of 1999?
False
Is 107 a multiple of 6?
False
Is 19744 a multiple of 13?
False
Is 790 a multiple of 50?
False
Does 11 divide 30549?
False
Does 12 divide 2911?
False
Does 115 divide 22080?
True
Does 190 divide 10640?
True
Is 12 a factor of 612?
True
Is 5110 a multiple of 10?
True
Is 155 even?
False
Does 19 divide 31114?
False
Does 130 divide 1040?
True
Is 8 a factor of 1600?
True
Is 9971 a multiple of 2?
False
Does 26 divide 936?
True
Does 8 divide 7407?
False
Is 6264 a multiple of 11?
False
Is 65607 a multiple of 12?
False
Is 5607 a multiple of 9?
True
Does 15 divide 2715?
True
Is 6457 a multiple of 33?
False
Is 23 a factor of 115?
True
Is 7 a factor of 847?
True
Is 572 a multiple of 13?
True
Is 2520 a multiple of 30?
True
Does 17 divide 22024?
False
Does 90 divide 11520?
True
Does 5 divide 470?
True
Is 42 a factor of 7644?
True
Does 54 divide 45163?
False
Is 3 a factor of 3978?
True
Is 6509 a multiple of 23?
True
Is 26 a factor of 4303?
False
Does 11 divide 495?
True
Is 19093 a multiple of 103?
False
Does 44 divide 18979?
False
Is 19908 a multiple of 9?
True
Does 29 divide 5135?
False
Does 138 divide 12434?
False
Is 10 a factor of 739?
False
Is 30 a factor of 5994?
False
Is 139 a multiple of 3?
False
Does 160 divide 1600?
True
Is 12 a factor of 9960?
True
Is 15551 a multiple of 64?
False
Is 11 a factor of 28149?
True
Does 92 divide 338?
False
Does 83 divide 1328?
True
Is 122 a factor of 25864?
True
Is 23 a factor of 13969?
False
Does 9 divide 1431?
True
Is 5376 a multiple of 168?
True
Is 2618 a multiple of 17?
True
Is 421 a multiple of 3?
False
Does 17 divide 969?
True
Is 910 a multiple of 49?
False
Is 328 a factor of 6232?
True
Is 64600 a multiple of 323?
True
Is 525 a multiple of 25?
True
Does 8 divide 168?
True
Does 104 divide 15704?
True
Is 27690 a multiple of 263?
False
Is 2082 a multiple of 38?
False
Does 93 divide 1581?
True
Is 408 a multiple of 13?
False
Does 212 divide 17667?
False
Is 13 a factor of 4007?
False
Does 29 divide 34365?
True
Is 62275 a multiple of 47?
True
Does 14 divide 2114?
True
Is 9 a factor of 1863?
True
Is 428 a multiple of 20?
False
Is 16 a factor of 894?
False
Is 126 a multiple of 3?
True
Is 215 a factor of 12470?
True
Does 22 divide 4708?
True
Is 1008 a multiple of 12?
True
Does 78 divide 317?
False
Does 54 divide 972?
True
Does 24 divide 10377?
False
Is 7 a factor of 1337?
True
Is 140 a multiple of 20?
True
Is 2400 a multiple of 82?
False
Is 4 a fact